{"id":2240,"date":"2024-03-18T20:30:54","date_gmt":"2024-03-18T20:30:54","guid":{"rendered":"https:\/\/www.liposuccioncdmx.com\/?page_id=2240"},"modified":"2024-04-22T14:53:22","modified_gmt":"2024-04-22T14:53:22","slug":"lipectomia-o-abdominoplastia","status":"publish","type":"page","link":"https:\/\/www.liposuccioncdmx.com\/?page_id=2240","title":{"rendered":"Lipectom\u00eda o Abdominoplast\u00eda"},"content":{"rendered":"<h1>Lipectom\u00eda o <br \/>Abdominoplastia<\/h1>\n<h1>Lipectom\u00eda<\/p>\n<p>Abdomino-<br \/>plastia<\/p>\n<\/h1>\n<div>Resultados arm\u00f3nicos y naturales. Tu seguridad en manos de un Cirujano Pl\u00e1stico Certificado<\/div>\n<div>Resultados arm\u00f3nicos y naturales. Tu seguridad en manos de un Cirujano Pl\u00e1stico Certificado<\/div>\n<div>TODO INCLUIDO<\/div>\n<div>Cirug\u00eda, quir\u00f3fano, honorarios m\u00e9dicos Consultas y controles post-quir\u00fargicos<\/div>\n<div>Cirug\u00eda, quir\u00f3fano, honorarios m\u00e9dicos Consultas y controles post-quir\u00fargicos<\/div>\n<p>\n    <a href=\"mailto:info@example.com\">Reserva tu Consulta de Valoraci\u00f3n<\/a>\n<\/p>\n<p>\n    <a href=\"mailto:info@example.com\">Reserva tu Consulta de Valoraci\u00f3n<\/a>\n<\/p>\n<h1>Lipectom\u00eda CDMX.<\/h1>\n<p><img decoding=\"async\" src=\"\/wp-content\/uploads\/2024\/03\/lipectomia-cdmx-precio-2024.jpg\" alt=\"lipectomia en cdmx  precio 2024\"><\/p>\n<h3>Lipectom\u00eda o Abdominoplastia<\/h3>\n<h3>Lipectom\u00eda o Abdomino-plastia<\/h3>\n<div>Creamos armon\u00eda corporal<\/div>\n<div>\n<p><strong>La lipectom\u00eda, dermolipectom\u00eda de abdomen o abdominoplastia<\/strong> <strong>permite eliminar la grasa y\u00a0 flacidez de la piel del abdomen\u00a0 asociadas con el sobrepeso o como secuelas de embarazos previos<\/strong>. Los resultados de una lipectom\u00eda\u00a0son permanentes.<\/p>\n<\/div>\n<div>\n<div>\n<p>Costo de Lipectom\u00eda en CDMX | Agenda tu valoraci\u00f3n y recibe presupuesto.<\/p>\n<\/div>\n<\/div>\n<h2>Abdomino-plastia en CDMX<\/h2>\n<ul>\n<li>\n<h3>\u00bfCu\u00e1nto tiempo dura una lipectom\u00eda?<\/h3>\n<div>\n<div class=\"sppb-addon-content\">\n<p>La lipectom\u00eda se realiza en un periodo de 2 a 5 horas.<\/p>\n<\/div>\n<\/div>\n<\/li>\n<li>\n<h3>\u00bfQu\u00e9 tipo de anestesia se utiliza en una Lipectom\u00eda?<\/h3>\n<div>\n<p>En una lipectom\u00eda se utiliza epidural o anestesia general.<\/p>\n<\/div>\n<\/li>\n<li>\n<h3>Tiempo de hospitalizaci\u00f3n en una Lipectom\u00eda<\/h3>\n<div>\n<p>Podr\u00eda ser una cirug\u00eda ambulatoria, o bien, requerir hasta 1 d\u00eda de hospitalizaci\u00f3n.<\/p>\n<\/div>\n<\/li>\n<\/ul>\n<h1>LO QUE DEBES SABER SOBRE LIPECTOM\u00cdA O ABDOMINOPLASTIA<\/h1>\n<ul>\n<li>\n<h3>Eres candidato a una Lipectom\u00eda<\/h3>\n<div>\n<p>La lipectom\u00eda est\u00e1 indicada para hombres y mujeres mayores de 18 a\u00f1os que ya tienen hijos, que gozan de buena salud y que su apariencia les molesta por esos dep\u00f3sitos de grasa en el abdomen, que no disminuyen con dieta o ejercicio. En el caso de las mujeres, es importante que ya no deseen tener m\u00e1s hijos.<\/p>\n<\/div>\n<\/li>\n<li>\n<h3>Beneficios de una Lipectom\u00eda<\/h3>\n<div>\n<p>Gracias a la lipectom\u00eda se logra una mejor figura y tama\u00f1o del abdomen, se elimina el exceso de grasa y de piel, adem\u00e1s de proporcionar firmeza a los m\u00fasculos de la pared abdominal.<\/p>\n<\/div>\n<\/li>\n<li>\n<h3>Recuperaci\u00f3n de una Lipectom\u00eda<\/h3>\n<div>\n<p>De 1 a 3 semanas para sentirte bien, apariencia normal a las 6 semanas en cuanto a la hinchaz\u00f3n. 12 meses ser\u00e1 el tiempo para que la cicatriz desaparezca. Debes usar una faja o prenda de compresi\u00f3n el\u00e1stica por 3 meses Puedes tener sensaci\u00f3n de dolor, hinchaz\u00f3n y aspecto morado.<\/p>\n<\/div>\n<\/li>\n<\/ul>\n<hr>\n<h2>\u00bfC\u00f3mo se realiza una Lipectom\u00eda o Abdominoplastia?<\/h2>\n<div>\n<p><strong>La lipectom\u00eda se realiza una incisi\u00f3n horizontal por encima del pubis<\/strong> de 20 cm aproximadamente, muy similar a la l\u00ednea de la ropa interior por lo cual es muy f\u00e1cil de esconder con su ropa interior.\u00a0<br \/>De igual manera, <em>en la lipectom\u00eda se realiza una incisi\u00f3n alrededor del ombligo para que este quede en su lugar original independientemente de los desplazamientos de la piel abdominal<\/em>. <br \/>Despu\u00e9s el cirujano separa la piel del abdomen hacia arriba hasta alcanzar las costillas, exponiendo los m\u00fasculos, estos son tensados horizontalmente y unidos en la l\u00ednea media, lo que produce una pared abdominal firme y acent\u00faa la cintura. <br \/>La piel que ha sido separada se estira en direcci\u00f3n al pubis, la piel sobrante se extirpa y el ombligo se coloca en su posici\u00f3n original, siempre se deja un drenaje por 5 d\u00edas aproximadamente y se tiene que colocar una prenda de compresi\u00f3n el\u00e1stica o faja abdominal de 1 a 3 meses aproximadamente dependiendo del caso.<\/p>\n<\/div>\n<p>\n    <a href=\"\/www.sculptur.mx\">Agenda tu valoraci\u00f3n y conoce el costo de una Lipectom\u00eda en CDMX<\/a>\n<\/p>\n<p>\n    <a href=\"\/www.sculptur.mx\">Agenda tu valoraci\u00f3n y conoce el <br \/> costo de una Lipectom\u00eda en CDMX<\/a>\n<\/p>\n<p><!--more--><br \/>\n<!-- {\"type\":\"layout\",\"children\":[{\"type\":\"section\",\"props\":{\"animation\":\"fade\",\"header_transparent\":false,\"header_transparent_noplaceholder\":false,\"image\":\"wp-content\\\/uploads\\\/2024\\\/03\\\/lipectomia-en-cdmx-2024.jpg\",\"image_effect\":\"parallax\",\"image_loading\":true,\"image_parallax_bgy\":\"40vh\",\"image_position\":\"center-center\",\"image_size\":\"cover\",\"image_width\":\"2560\",\"media_overlay\":\"rgba(0, 0, 0, 0.75)\",\"media_overlay_parallax_opacity\":\"0,1\",\"padding\":\"xlarge\",\"padding_remove_bottom\":false,\"padding_remove_top\":true,\"style\":\"default\",\"text_color\":\"light\",\"title_breakpoint\":\"xl\",\"title_position\":\"top-left\",\"title_rotation\":\"left\",\"vertical_align\":\"\",\"width\":\"expand\"},\"children\":[{\"type\":\"row\",\"children\":[{\"type\":\"column\",\"props\":{\"image_position\":\"center-center\",\"position_sticky_breakpoint\":\"m\",\"vertical_align\":\"middle\"},\"children\":[{\"type\":\"headline\",\"props\":{\"animation\":\"none\",\"content\":\"Lipectom\\u00eda o <br \\\/>Abdominoplastia\",\"title_color\":\"background\",\"title_element\":\"h1\",\"title_style\":\"heading-xlarge\",\"visibility\":\"s\"}},{\"type\":\"headline\",\"props\":{\"animation\":\"none\",\"content\":\"Lipectom\\u00eda\\n\n\n<p>Abdomino-<br \\\/>plastia<\\\/p>\",\"title_color\":\"background\",\"title_element\":\"h1\",\"title_style\":\"heading-large\",\"visibility\":\"hidden-s\"}}]}],\"props\":{\"height\":\"viewport\",\"height_offset_top\":true,\"margin\":\"remove-vertical\",\"margin_remove_top\":false}},{\"type\":\"row\",\"props\":{\"margin\":\"remove-vertical\"},\"children\":[{\"type\":\"column\",\"props\":{\"image_position\":\"center-center\",\"position_sticky_breakpoint\":\"m\"},\"children\":[{\"type\":\"headline\",\"props\":{\"animation\":\"none\",\"content\":\"Resultados arm\\u00f3nicos y naturales. Tu seguridad en manos de un Cirujano Pl\\u00e1stico Certificado\",\"margin\":\"medium\",\"maxwidth\":\"2xlarge\",\"title_element\":\"div\",\"title_style\":\"h2\",\"visibility\":\"s\"}},{\"type\":\"headline\",\"props\":{\"animation\":\"none\",\"content\":\"Resultados arm\\u00f3nicos y naturales. Tu seguridad en manos de un Cirujano Pl\\u00e1stico Certificado\",\"margin\":\"medium\",\"maxwidth\":\"2xlarge\",\"title_element\":\"div\",\"title_style\":\"h3\",\"visibility\":\"hidden-s\"}}]}]},{\"type\":\"row\",\"props\":{\"css\":\"@media(min-width: 1200px) {\\n    .el-row { margin-top: 50vh!important; }\\n}\",\"layout\":\"3-5,2-5\",\"margin\":\"xlarge\",\"row_gap\":\"large\"},\"children\":[{\"type\":\"column\",\"props\":{\"image_position\":\"center-center\",\"position_sticky_breakpoint\":\"m\",\"width_xlarge\":\"expand\"}},{\"type\":\"column\",\"props\":{\"image_position\":\"center-center\",\"position_sticky_breakpoint\":\"m\",\"width_xlarge\":\"2-5\"},\"children\":[{\"type\":\"headline\",\"props\":{\"block_align\":\"center\",\"block_align_breakpoint\":\"xl\",\"content\":\"TODO INCLUIDO\",\"margin\":\"remove-vertical\",\"maxwidth\":\"xlarge\",\"title_color\":\"background\",\"title_element\":\"div\",\"title_style\":\"heading-medium\"}},{\"type\":\"headline\",\"props\":{\"block_align\":\"center\",\"block_align_breakpoint\":\"xl\",\"content\":\"Cirug\\u00eda, quir\\u00f3fano, honorarios m\\u00e9dicos Consultas y controles post-quir\\u00fargicos\",\"margin\":\"small\",\"margin_remove_bottom\":true,\"maxwidth\":\"xlarge\",\"title_element\":\"div\",\"title_style\":\"h1\",\"visibility\":\"s\"}},{\"type\":\"headline\",\"props\":{\"block_align\":\"center\",\"block_align_breakpoint\":\"xl\",\"content\":\"Cirug\\u00eda, quir\\u00f3fano, honorarios m\\u00e9dicos Consultas y controles post-quir\\u00fargicos\",\"margin\":\"small\",\"margin_remove_bottom\":true,\"maxwidth\":\"xlarge\",\"title_element\":\"div\",\"title_style\":\"h2\",\"visibility\":\"hidden-s\"}},{\"type\":\"button\",\"props\":{\"block_align\":\"center\",\"block_align_breakpoint\":\"xl\",\"button_size\":\"large\",\"fullwidth\":true,\"grid_column_gap\":\"small\",\"grid_row_gap\":\"small\",\"margin\":\"large\",\"maxwidth\":\"xlarge\",\"visibility\":\"s\"},\"children\":[{\"type\":\"button_item\",\"props\":{\"button_style\":\"default\",\"content\":\"Reserva tu Consulta de Valoraci\\u00f3n\",\"icon_align\":\"left\",\"link\":\"mailto:info@example.com\"}}]},{\"type\":\"button\",\"props\":{\"block_align\":\"center\",\"block_align_breakpoint\":\"l\",\"fullwidth\":true,\"grid_column_gap\":\"small\",\"grid_row_gap\":\"small\",\"margin\":\"large\",\"maxwidth\":\"large\",\"visibility\":\"hidden-s\"},\"children\":[{\"type\":\"button_item\",\"props\":{\"button_style\":\"default\",\"content\":\"Reserva tu Consulta de Valoraci\\u00f3n\",\"icon_align\":\"left\",\"link\":\"mailto:info@example.com\"}}]}]}]}],\"name\":\"Hero\"},{\"type\":\"section\",\"props\":{\"animation\":\"fade\",\"id\":\"team\",\"image_position\":\"center-center\",\"padding\":\"large\",\"padding_remove_bottom\":true,\"style\":\"default\",\"title_breakpoint\":\"xl\",\"title_position\":\"top-left\",\"title_rotation\":\"left\",\"vertical_align\":\"middle\",\"width\":\"expand\"},\"children\":[{\"type\":\"row\",\"children\":[{\"type\":\"column\",\"props\":{\"image_position\":\"center-center\",\"position_sticky_breakpoint\":\"m\"},\"children\":[{\"type\":\"headline\",\"props\":{\"content\":\"Lipectom\\u00eda CDMX.\",\"margin\":\"default\",\"title_element\":\"h1\",\"title_style\":\"heading-medium\"}}]}],\"props\":{\"margin\":\"xlarge\"}},{\"type\":\"row\",\"props\":{\"column_gap\":\"large\",\"layout\":\"1-2,1-2\",\"margin\":\"medium\",\"row_gap\":\"large\",\"width\":\"expand\"},\"children\":[{\"type\":\"column\",\"props\":{\"image_position\":\"center-center\",\"order_first\":\"xs\",\"position_sticky_breakpoint\":\"m\",\"width_medium\":\"1-2\"},\"children\":[{\"type\":\"image\",\"props\":{\"animation\":\"none\",\"image\":\"wp-content\\\/uploads\\\/2024\\\/03\\\/lipectomia-cdmx-precio-2024.jpg\",\"image_alt\":\"lipectomia en cdmx  precio 2024\",\"image_svg_color\":\"emphasis\",\"image_width\":\"1230\",\"margin\":\"default\",\"text_color\":\"light\"}}]},{\"type\":\"column\",\"props\":{\"image_position\":\"center-center\",\"position_sticky_breakpoint\":\"m\",\"vertical_align\":\"middle\",\"width_medium\":\"1-2\"},\"children\":[{\"type\":\"headline\",\"props\":{\"animation\":\"parallax\",\"block_align\":\"center\",\"content\":\"Lipectom\\u00eda o Abdominoplastia\",\"margin\":\"small\",\"maxwidth\":\"large\",\"parallax_breakpoint\":\"m\",\"parallax_y\":\"100,-100\",\"title_element\":\"h3\",\"title_style\":\"heading-medium\",\"visibility\":\"s\"}},{\"type\":\"headline\",\"props\":{\"animation\":\"parallax\",\"block_align\":\"center\",\"content\":\"Lipectom\\u00eda o Abdomino-plastia\",\"margin\":\"small\",\"maxwidth\":\"large\",\"parallax_breakpoint\":\"m\",\"parallax_y\":\"100,-100\",\"title_element\":\"h3\",\"title_style\":\"heading-medium\",\"visibility\":\"hidden-s\"}},{\"type\":\"headline\",\"props\":{\"animation\":\"parallax\",\"block_align\":\"center\",\"content\":\"Creamos armon\\u00eda corporal\",\"margin\":\"large\",\"margin_remove_top\":true,\"maxwidth\":\"large\",\"parallax_breakpoint\":\"m\",\"parallax_y\":\"100,-100\",\"title_color\":\"muted\",\"title_element\":\"div\",\"title_style\":\"h3\"}},{\"type\":\"text\",\"props\":{\"animation\":\"parallax\",\"block_align\":\"center\",\"column_breakpoint\":\"m\",\"content\":\"\n\n<p><strong>La lipectom\\u00eda, dermolipectom\\u00eda de abdomen o abdominoplastia<\\\/strong> <strong>permite eliminar la grasa y\\u00a0 flacidez de la piel del abdomen\\u00a0 asociadas con el sobrepeso o como secuelas de embarazos previos<\\\/strong>. Los resultados de una lipectom\\u00eda\\u00a0son permanentes.<\\\/p>\",\"margin\":\"large\",\"margin_remove_top\":true,\"maxwidth\":\"large\",\"parallax_breakpoint\":\"m\",\"parallax_y\":\"100,-100\"}},{\"type\":\"list\",\"props\":{\"animation\":\"parallax\",\"block_align\":\"center\",\"column_breakpoint\":\"m\",\"content_style\":\"h5\",\"image_align\":\"left\",\"image_svg_color\":\"emphasis\",\"image_vertical_align\":true,\"list_element\":\"ul\",\"list_horizontal_separator\":\", \",\"list_type\":\"horizontal\",\"margin\":\"default\",\"maxwidth\":\"large\",\"parallax_breakpoint\":\"m\",\"parallax_y\":\"100,-100\",\"show_image\":true,\"show_link\":true},\"children\":[{\"type\":\"list_item\",\"props\":{\"content\":\"\n\n<p>Costo de Lipectom\\u00eda en CDMX | Agenda tu valoraci\\u00f3n y recibe presupuesto.<\\\/p>\"}}]}]}]}],\"name\":\"Modulo imagen texto\"},{\"type\":\"section\",\"props\":{\"animation\":\"fade\",\"image_position\":\"center-center\",\"padding\":\"xlarge\",\"style\":\"default\",\"title_breakpoint\":\"xl\",\"title_position\":\"top-left\",\"title_rotation\":\"left\",\"vertical_align\":\"middle\",\"width\":\"\"},\"children\":[{\"type\":\"row\",\"props\":{\"column_gap\":\"large\",\"layout\":\"1-2,1-2\",\"margin_remove_bottom\":true,\"row_gap\":\"large\",\"width\":\"large\"},\"children\":[{\"type\":\"column\",\"props\":{\"image_position\":\"center-center\",\"position_sticky_breakpoint\":\"m\",\"width_medium\":\"1-2\"},\"children\":[{\"type\":\"headline\",\"props\":{\"content\":\"Abdomino-plastia en CDMX\",\"text_align\":\"left\",\"title_element\":\"h2\",\"title_style\":\"heading-medium\"}}]},{\"type\":\"column\",\"props\":{\"image_position\":\"center-center\",\"position_sticky_breakpoint\":\"m\",\"width_medium\":\"1-2\"},\"children\":[{\"type\":\"grid\",\"props\":{\"content_column_breakpoint\":\"m\",\"filter_align\":\"left\",\"filter_all\":true,\"filter_grid_breakpoint\":\"m\",\"filter_grid_width\":\"auto\",\"filter_position\":\"top\",\"filter_style\":\"tab\",\"grid_default\":\"1\",\"grid_divider\":true,\"grid_medium\":\"\",\"icon_width\":80,\"image_align\":\"top\",\"image_grid_breakpoint\":\"m\",\"image_grid_width\":\"1-2\",\"image_svg_color\":\"emphasis\",\"item_animation\":true,\"link_style\":\"default\",\"link_text\":\"Read more\",\"margin\":\"default\",\"meta_align\":\"below-title\",\"meta_element\":\"div\",\"meta_style\":\"text-meta\",\"show_content\":true,\"show_image\":true,\"show_link\":true,\"show_meta\":true,\"show_title\":true,\"title_align\":\"top\",\"title_decoration\":\"bullet\",\"title_element\":\"h3\",\"title_grid_breakpoint\":\"m\",\"title_grid_width\":\"1-2\",\"title_hover_style\":\"reset\"},\"children\":[{\"type\":\"grid_item\",\"props\":{\"content\":\"\n\n<div class=\\\"sppb-addon-content\\\">\\n\n\n<p>La lipectom\\u00eda se realiza en un periodo de 2 a 5 horas.<\\\/p>\\n<\\\/div>\",\"title\":\"\\u00bfCu\\u00e1nto tiempo dura una lipectom\\u00eda?\"}},{\"type\":\"grid_item\",\"props\":{\"content\":\"\n\n<p>En una lipectom\\u00eda se utiliza epidural o anestesia general.<\\\/p>\",\"title\":\"\\u00bfQu\\u00e9 tipo de anestesia se utiliza en una Lipectom\\u00eda?\"}},{\"type\":\"grid_item\",\"props\":{\"content\":\"\n\n<p>Podr\\u00eda ser una cirug\\u00eda ambulatoria, o bien, requerir hasta 1 d\\u00eda de hospitalizaci\\u00f3n.<\\\/p>\",\"title\":\"Tiempo de hospitalizaci\\u00f3n en una Lipectom\\u00eda\"}}]}]}]}],\"name\":\"About\"},{\"type\":\"section\",\"props\":{\"image_position\":\"center-center\",\"padding\":\"xsmall\",\"padding_remove_top\":true,\"style\":\"default\",\"title_breakpoint\":\"xl\",\"title_position\":\"top-left\",\"title_rotation\":\"left\",\"vertical_align\":\"middle\",\"width\":\"default\"},\"children\":[{\"type\":\"row\",\"children\":[{\"type\":\"column\",\"props\":{\"image_position\":\"center-center\",\"position_sticky_breakpoint\":\"m\"},\"children\":[{\"type\":\"headline\",\"props\":{\"content\":\"LO QUE DEBES SABER SOBRE LIPECTOM\\u00cdA O ABDOMINOPLASTIA\",\"text_align\":\"center\",\"title_color\":\"emphasis\",\"title_element\":\"h1\",\"title_style\":\"h2\"}}]}]}]},{\"type\":\"section\",\"props\":{\"html_element\":\"header\",\"image_position\":\"center-center\",\"style\":\"default\",\"title\":\"Lo que debes saber sobre implantes mamarios\",\"title_breakpoint\":\"xl\",\"title_position\":\"top-left\",\"title_rotation\":\"left\",\"vertical_align\":\"middle\",\"width\":\"default\"},\"children\":[{\"type\":\"row\",\"children\":[{\"type\":\"column\",\"props\":{\"image_position\":\"center-center\",\"position_sticky_breakpoint\":\"m\"},\"children\":[{\"type\":\"grid\",\"props\":{\"content_column_breakpoint\":\"m\",\"filter_align\":\"left\",\"filter_all\":true,\"filter_grid_breakpoint\":\"m\",\"filter_grid_width\":\"auto\",\"filter_position\":\"top\",\"filter_style\":\"tab\",\"grid_default\":\"1\",\"grid_divider\":true,\"grid_medium\":\"3\",\"icon_width\":80,\"image_align\":\"top\",\"image_grid_breakpoint\":\"m\",\"image_grid_width\":\"1-2\",\"image_svg_color\":\"emphasis\",\"item_animation\":true,\"link_style\":\"default\",\"link_text\":\"Read more\",\"margin\":\"default\",\"meta_align\":\"below-title\",\"meta_element\":\"div\",\"meta_style\":\"text-meta\",\"show_content\":true,\"show_image\":true,\"show_link\":true,\"show_meta\":true,\"show_title\":true,\"title_align\":\"top\",\"title_color\":\"background\",\"title_element\":\"h3\",\"title_grid_breakpoint\":\"m\",\"title_grid_width\":\"1-2\",\"title_hover_style\":\"reset\",\"title_style\":\"h4\"},\"children\":[{\"type\":\"grid_item\",\"props\":{\"content\":\"\n\n<p>La lipectom\\u00eda est\\u00e1 indicada para hombres y mujeres mayores de 18 a\\u00f1os que ya tienen hijos, que gozan de buena salud y que su apariencia les molesta por esos dep\\u00f3sitos de grasa en el abdomen, que no disminuyen con dieta o ejercicio. En el caso de las mujeres, es importante que ya no deseen tener m\\u00e1s hijos.<\\\/p>\",\"title\":\"Eres candidato a una Lipectom\\u00eda\"}},{\"type\":\"grid_item\",\"props\":{\"content\":\"\n\n<p>Gracias a la lipectom\\u00eda se logra una mejor figura y tama\\u00f1o del abdomen, se elimina el exceso de grasa y de piel, adem\\u00e1s de proporcionar firmeza a los m\\u00fasculos de la pared abdominal.<\\\/p>\",\"title\":\"Beneficios de una Lipectom\\u00eda\"}},{\"type\":\"grid_item\",\"props\":{\"content\":\"\n\n<p>De 1 a 3 semanas para sentirte bien, apariencia normal a las 6 semanas en cuanto a la hinchaz\\u00f3n. 12 meses ser\\u00e1 el tiempo para que la cicatriz desaparezca. Debes usar una faja o prenda de compresi\\u00f3n el\\u00e1stica por 3 meses Puedes tener sensaci\\u00f3n de dolor, hinchaz\\u00f3n y aspecto morado.<\\\/p>\",\"title\":\"Recuperaci\\u00f3n de una Lipectom\\u00eda\"}}]}]}]}]},{\"type\":\"section\",\"props\":{\"image_position\":\"center-center\",\"style\":\"default\",\"title_breakpoint\":\"xl\",\"title_position\":\"top-left\",\"title_rotation\":\"left\",\"vertical_align\":\"middle\",\"width\":\"default\"},\"children\":[{\"type\":\"row\",\"children\":[{\"type\":\"column\",\"props\":{\"image_position\":\"center-center\",\"position_sticky_breakpoint\":\"m\"},\"children\":[{\"type\":\"divider\",\"props\":{\"divider_element\":\"hr\"}}]}]}]},{\"type\":\"section\",\"props\":{\"image_position\":\"center-center\",\"style\":\"default\",\"title_breakpoint\":\"xl\",\"title_position\":\"top-left\",\"title_rotation\":\"left\",\"vertical_align\":\"middle\",\"width\":\"default\"},\"children\":[{\"type\":\"row\",\"children\":[{\"type\":\"column\",\"props\":{\"image_position\":\"center-center\",\"position_sticky_breakpoint\":\"m\"},\"children\":[{\"type\":\"headline\",\"props\":{\"content\":\"\\u00bfC\\u00f3mo se realiza una Lipectom\\u00eda o Abdominoplastia?\",\"title_element\":\"h2\"}},{\"type\":\"text\",\"props\":{\"column_breakpoint\":\"m\",\"content\":\"\n\n<p><strong>La lipectom\\u00eda se realiza una incisi\\u00f3n horizontal por encima del pubis<\\\/strong> de 20 cm aproximadamente, muy similar a la l\\u00ednea de la ropa interior por lo cual es muy f\\u00e1cil de esconder con su ropa interior.\\u00a0<br \\\/>De igual manera, <em>en la lipectom\\u00eda se realiza una incisi\\u00f3n alrededor del ombligo para que este quede en su lugar original independientemente de los desplazamientos de la piel abdominal<\\\/em>. <br \\\/>Despu\\u00e9s el cirujano separa la piel del abdomen hacia arriba hasta alcanzar las costillas, exponiendo los m\\u00fasculos, estos son tensados horizontalmente y unidos en la l\\u00ednea media, lo que produce una pared abdominal firme y acent\\u00faa la cintura. <br \\\/>La piel que ha sido separada se estira en direcci\\u00f3n al pubis, la piel sobrante se extirpa y el ombligo se coloca en su posici\\u00f3n original, siempre se deja un drenaje por 5 d\\u00edas aproximadamente y se tiene que colocar una prenda de compresi\\u00f3n el\\u00e1stica o faja abdominal de 1 a 3 meses aproximadamente dependiendo del caso.<\\\/p>\",\"margin\":\"default\"}}]}]}]},{\"type\":\"section\",\"props\":{\"image_position\":\"center-center\",\"style\":\"default\",\"title_breakpoint\":\"xl\",\"title_position\":\"top-left\",\"title_rotation\":\"left\",\"vertical_align\":\"middle\",\"width\":\"default\"},\"children\":[{\"type\":\"row\",\"children\":[{\"type\":\"column\",\"props\":{\"image_position\":\"center-center\",\"position_sticky_breakpoint\":\"m\"},\"children\":[{\"type\":\"button\",\"props\":{\"button_size\":\"large\",\"grid_column_gap\":\"small\",\"grid_row_gap\":\"small\",\"margin\":\"default\",\"text_align\":\"center\",\"visibility\":\"s\"},\"children\":[{\"type\":\"button_item\",\"props\":{\"button_style\":\"primary\",\"content\":\"Agenda tu valoraci\\u00f3n y conoce el costo de una Lipectom\\u00eda en CDMX\",\"icon_align\":\"left\",\"link\":\"www.sculptur.mx\"}}]},{\"type\":\"button\",\"props\":{\"grid_column_gap\":\"small\",\"grid_row_gap\":\"small\",\"margin\":\"\",\"text_align\":\"center\",\"visibility\":\"hidden-s\"},\"children\":[{\"type\":\"button_item\",\"props\":{\"button_style\":\"primary\",\"content\":\"Agenda tu valoraci\\u00f3n y conoce el <br \/> costo de una Lipectom\\u00eda en CDMX\",\"icon_align\":\"left\",\"link\":\"www.sculptur.mx\"}}]}]}]}]}],\"version\":\"4.3.7\"} --><\/p>\n","protected":false},"excerpt":{"rendered":"<p>Lipectom\u00eda o Abdominoplastia Lipectom\u00eda Abdomino-plastia Resultados arm\u00f3nicos y naturales. Tu seguridad en manos de un Cirujano Pl\u00e1stico Certificado Resultados arm\u00f3nicos y naturales. Tu seguridad en manos de un Cirujano Pl\u00e1stico Certificado TODO INCLUIDO Cirug\u00eda, quir\u00f3fano, honorarios m\u00e9dicos Consultas y controles post-quir\u00fargicos Cirug\u00eda, quir\u00f3fano, honorarios m\u00e9dicos Consultas y controles post-quir\u00fargicos Reserva tu Consulta de Valoraci\u00f3n Reserva [&hellip;]<\/p>\n","protected":false},"author":1,"featured_media":0,"parent":0,"menu_order":0,"comment_status":"closed","ping_status":"closed","template":"","meta":{"_acf_changed":false,"_jet_sm_ready_style":"","_jet_sm_style":"","_jet_sm_controls_values":"","_jet_sm_fonts_collection":"","_jet_sm_fonts_links":"","footnotes":""},"class_list":["post-2240","page","type-page","status-publish","hentry"],"acf":[],"_links":{"self":[{"href":"https:\/\/www.liposuccioncdmx.com\/index.php?rest_route=\/wp\/v2\/pages\/2240","targetHints":{"allow":["GET"]}}],"collection":[{"href":"https:\/\/www.liposuccioncdmx.com\/index.php?rest_route=\/wp\/v2\/pages"}],"about":[{"href":"https:\/\/www.liposuccioncdmx.com\/index.php?rest_route=\/wp\/v2\/types\/page"}],"author":[{"embeddable":true,"href":"https:\/\/www.liposuccioncdmx.com\/index.php?rest_route=\/wp\/v2\/users\/1"}],"replies":[{"embeddable":true,"href":"https:\/\/www.liposuccioncdmx.com\/index.php?rest_route=%2Fwp%2Fv2%2Fcomments&post=2240"}],"version-history":[{"count":38,"href":"https:\/\/www.liposuccioncdmx.com\/index.php?rest_route=\/wp\/v2\/pages\/2240\/revisions"}],"predecessor-version":[{"id":2614,"href":"https:\/\/www.liposuccioncdmx.com\/index.php?rest_route=\/wp\/v2\/pages\/2240\/revisions\/2614"}],"wp:attachment":[{"href":"https:\/\/www.liposuccioncdmx.com\/index.php?rest_route=%2Fwp%2Fv2%2Fmedia&parent=2240"}],"curies":[{"name":"wp","href":"https:\/\/api.w.org\/{rel}","templated":true}]}}